{"id":638,"date":"2018-04-13T12:32:31","date_gmt":"2018-04-13T10:32:31","guid":{"rendered":"http:\/\/sophie-bb.com\/?page_id=638"},"modified":"2020-03-28T15:53:07","modified_gmt":"2020-03-28T14:53:07","slug":"compagnie-la-grive-sen-mele","status":"publish","type":"page","link":"https:\/\/sophie-bb.com\/en\/compagnie-la-grive-sen-mele\/","title":{"rendered":"Compagnie \u00ab La Grive s&#8217;en m\u00eale \u00bb"},"content":{"rendered":"<h5><img loading=\"lazy\" decoding=\"async\" data-attachment-id=\"632\" data-permalink=\"https:\/\/sophie-bb.com\/en\/media\/sos-fifi\/img_0332\/\" data-orig-file=\"https:\/\/sophie-bb.com\/wp-content\/uploads\/2018\/04\/IMG_0332.jpg\" data-orig-size=\"3264,2448\" data-comments-opened=\"0\" data-image-meta=\"{&quot;aperture&quot;:&quot;2.2&quot;,&quot;credit&quot;:&quot;&quot;,&quot;camera&quot;:&quot;iPhone 5s&quot;,&quot;caption&quot;:&quot;&quot;,&quot;created_timestamp&quot;:&quot;1490963366&quot;,&quot;copyright&quot;:&quot;&quot;,&quot;focal_length&quot;:&quot;4.15&quot;,&quot;iso&quot;:&quot;32&quot;,&quot;shutter_speed&quot;:&quot;0.0048780487804878&quot;,&quot;title&quot;:&quot;&quot;,&quot;orientation&quot;:&quot;1&quot;}\" data-image-title=\"SOS Fifi\u2026 Ici la Terre\" data-image-description=\"\" data-image-caption=\"\" data-medium-file=\"https:\/\/sophie-bb.com\/wp-content\/uploads\/2018\/04\/IMG_0332-300x225.jpg\" data-large-file=\"https:\/\/sophie-bb.com\/wp-content\/uploads\/2018\/04\/IMG_0332-1024x768.jpg\" class=\"aligncenter size-full wp-image-632\" src=\"https:\/\/sophie-bb.com\/wp-content\/uploads\/2018\/04\/IMG_0332.jpg\" alt=\"\" width=\"3264\" height=\"2448\" srcset=\"https:\/\/sophie-bb.com\/wp-content\/uploads\/2018\/04\/IMG_0332.jpg 3264w, https:\/\/sophie-bb.com\/wp-content\/uploads\/2018\/04\/IMG_0332-300x225.jpg 300w, https:\/\/sophie-bb.com\/wp-content\/uploads\/2018\/04\/IMG_0332-768x576.jpg 768w, https:\/\/sophie-bb.com\/wp-content\/uploads\/2018\/04\/IMG_0332-1024x768.jpg 1024w, https:\/\/sophie-bb.com\/wp-content\/uploads\/2018\/04\/IMG_0332-350x263.jpg 350w\" sizes=\"auto, (max-width: 706px) 89vw, (max-width: 767px) 82vw, 740px\" \/><\/h5>\n<h5>Qui ?<\/h5>\n<p>\u00ab La Grive s&#8217;en m\u00eale \u00bb est un collectif de trois musiciens : <strong>Claire Genet<\/strong> (clarinette), <strong>Sophie Binet- Budelot<\/strong> (saxhorn alto), <strong>Mathieu Brunet\u00a0<\/strong>(accord\u00e9on) friands de nouveaut\u00e9s et de projets inter-disciplinaires. Ensemble, ils d\u00e9cident d&#8217;\u00e9crire un spectacle afin de faire d\u00e9couvrir la musique et ses instruments mais pas seulement !<br \/>\nIls se lancent, \u00e0 trois, dans l\u2019\u00e9criture de textes, la composition, la mise en sc\u00e8ne avec comme fer de lance l&#8217;\u00e9cologie, vaste sujet tr\u00e8s actuel.<\/p>\n<h5>Spectacle \u00ab SOS Fifi\u2026 Ici la Terre \u00bb<\/h5>\n<p>Dans \u00ab SOS Fifi&#8230; ici la Terre \u00bb, on fait la rencontre de Fifi, petite souris mandat\u00e9e par la Terre pour mener l\u2019enqu\u00eate et trouver les causes de sa grosse fatigue.<br \/>\nM\u00e9taphore du plus petit qui va sauver le plus grand, comme une goutte d&#8217;eau dans l\u2019oc\u00e9an&#8230;<br \/>\nAu fil de son voyage sur terre, Fifi expose avec humour des r\u00e9alit\u00e9s plus ou moins cach\u00e9es par ce monde qui va<br \/>\nparfois trop vite.<\/p>\n<p><img loading=\"lazy\" decoding=\"async\" data-attachment-id=\"1024\" data-permalink=\"https:\/\/sophie-bb.com\/en\/compagnie-la-grive-sen-mele\/photos-presentation-2\/\" data-orig-file=\"https:\/\/sophie-bb.com\/wp-content\/uploads\/2020\/03\/Photos-pr\u00e9sentation-1-scaled.jpg\" data-orig-size=\"2560,1707\" data-comments-opened=\"0\" data-image-meta=\"{&quot;aperture&quot;:&quot;4&quot;,&quot;credit&quot;:&quot;&quot;,&quot;camera&quot;:&quot;Canon EOS 70D&quot;,&quot;caption&quot;:&quot;&quot;,&quot;created_timestamp&quot;:&quot;1569935743&quot;,&quot;copyright&quot;:&quot;&quot;,&quot;focal_length&quot;:&quot;50&quot;,&quot;iso&quot;:&quot;1600&quot;,&quot;shutter_speed&quot;:&quot;0.016666666666667&quot;,&quot;title&quot;:&quot;&quot;,&quot;orientation&quot;:&quot;1&quot;}\" data-image-title=\"Photos-pr\u00e9sentation\" data-image-description=\"\" data-image-caption=\"\" data-medium-file=\"https:\/\/sophie-bb.com\/wp-content\/uploads\/2020\/03\/Photos-pr\u00e9sentation-1-300x200.jpg\" data-large-file=\"https:\/\/sophie-bb.com\/wp-content\/uploads\/2020\/03\/Photos-pr\u00e9sentation-1-1024x683.jpg\" class=\"aligncenter size-full wp-image-1024\" src=\"https:\/\/sophie-bb.com\/wp-content\/uploads\/2020\/03\/Photos-pr\u00e9sentation-1-scaled.jpg\" alt=\"\" width=\"2560\" height=\"1707\" srcset=\"https:\/\/sophie-bb.com\/wp-content\/uploads\/2020\/03\/Photos-pr\u00e9sentation-1-scaled.jpg 2560w, https:\/\/sophie-bb.com\/wp-content\/uploads\/2020\/03\/Photos-pr\u00e9sentation-1-300x200.jpg 300w, https:\/\/sophie-bb.com\/wp-content\/uploads\/2020\/03\/Photos-pr\u00e9sentation-1-1024x683.jpg 1024w, https:\/\/sophie-bb.com\/wp-content\/uploads\/2020\/03\/Photos-pr\u00e9sentation-1-768x512.jpg 768w, https:\/\/sophie-bb.com\/wp-content\/uploads\/2020\/03\/Photos-pr\u00e9sentation-1-1536x1024.jpg 1536w, https:\/\/sophie-bb.com\/wp-content\/uploads\/2020\/03\/Photos-pr\u00e9sentation-1-2048x1365.jpg 2048w, https:\/\/sophie-bb.com\/wp-content\/uploads\/2020\/03\/Photos-pr\u00e9sentation-1-350x233.jpg 350w\" sizes=\"auto, (max-width: 706px) 89vw, (max-width: 767px) 82vw, 740px\" \/><\/p>\n<h5>Contact<\/h5>\n<ul>\n<li>Retrouvez la grive s\u2019en m\u00eale sur sa page Facebook : <a href=\"https:\/\/www.facebook.com\/Compagnie-La-grive-sen-m\u00eale-1864456757152755\/\" target=\"_blank\" rel=\"noopener\">Compagnie \u00ab La grive s\u2019en m\u00eale \u00bb<\/a><\/li>\n<li>Le projet vous int\u00e9resse ? Pour plus de renseignements, contactez nous : sophie.budelot@gmail.com<\/li>\n<\/ul>\n","protected":false},"excerpt":{"rendered":"<p>Qui ? \u00ab La Grive s&#8217;en m\u00eale \u00bb est un collectif de trois musiciens : Claire Genet (clarinette), Sophie Binet- Budelot (saxhorn alto), Mathieu Brunet\u00a0(accord\u00e9on) friands de nouveaut\u00e9s et de projets inter-disciplinaires. Ensemble, ils d\u00e9cident d&#8217;\u00e9crire un spectacle afin de faire d\u00e9couvrir la musique et ses instruments mais pas seulement ! Ils se lancent, \u00e0 &hellip; <\/p>\n<p class=\"link-more\"><a href=\"https:\/\/sophie-bb.com\/en\/compagnie-la-grive-sen-mele\/\" class=\"more-link\">Continue reading<span class=\"screen-reader-text\"> &#8220;Compagnie \u00ab La Grive s&#8217;en m\u00eale \u00bb&#8221;<\/span><\/a><\/p>\n","protected":false},"author":1,"featured_media":0,"parent":0,"menu_order":0,"comment_status":"closed","ping_status":"closed","template":"","meta":{"footnotes":""},"class_list":["post-638","page","type-page","status-publish","hentry"],"translation":{"provider":"WPGlobus","version":"3.0.0","language":"en","enabled_languages":["fr","en"],"languages":{"fr":{"title":true,"content":true,"excerpt":false},"en":{"title":false,"content":false,"excerpt":false}}},"jetpack_sharing_enabled":true,"_links":{"self":[{"href":"https:\/\/sophie-bb.com\/en\/wp-json\/wp\/v2\/pages\/638","targetHints":{"allow":["GET"]}}],"collection":[{"href":"https:\/\/sophie-bb.com\/en\/wp-json\/wp\/v2\/pages"}],"about":[{"href":"https:\/\/sophie-bb.com\/en\/wp-json\/wp\/v2\/types\/page"}],"author":[{"embeddable":true,"href":"https:\/\/sophie-bb.com\/en\/wp-json\/wp\/v2\/users\/1"}],"replies":[{"embeddable":true,"href":"https:\/\/sophie-bb.com\/en\/wp-json\/wp\/v2\/comments?post=638"}],"version-history":[{"count":4,"href":"https:\/\/sophie-bb.com\/en\/wp-json\/wp\/v2\/pages\/638\/revisions"}],"predecessor-version":[{"id":1032,"href":"https:\/\/sophie-bb.com\/en\/wp-json\/wp\/v2\/pages\/638\/revisions\/1032"}],"wp:attachment":[{"href":"https:\/\/sophie-bb.com\/en\/wp-json\/wp\/v2\/media?parent=638"}],"curies":[{"name":"wp","href":"https:\/\/api.w.org\/{rel}","templated":true}]}}

Compagnie « La Grive s&#8217;en mêle »

<h5><img loading="lazy" decoding="async" data-attachment-id="632" data-permalink="https://sophie-bb.com/en/media/sos-fifi/img_0332/" data-orig-file="https://sophie-bb.com/wp-content/uploads/2018/04/IMG_0332.jpg" data-orig-size="3264,2448" data-comments-opened="0" data-image-meta="{&quot;aperture&quot;:&quot;2.2&quot;,&quot;credit&quot;:&quot;&quot;,&quot;camera&quot;:&quot;iPhone 5s&quot;,&quot;caption&quot;:&quot;&quot;,&quot;created_timestamp&quot;:&quot;1490963366&quot;,&quot;copyright&quot;:&quot;&quot;,&quot;focal_length&quot;:&quot;4.15&quot;,&quot;iso&quot;:&quot;32&quot;,&quot;shutter_speed&quot;:&quot;0.0048780487804878&quot;,&quot;title&quot;:&quot;&quot;,&quot;orientation&quot;:&quot;1&quot;}" data-image-title="SOS Fifi… Ici la Terre" data-image-description="" data-image-caption="" data-medium-file="https://sophie-bb.com/wp-content/uploads/2018/04/IMG_0332-300x225.jpg" data-large-file="https://sophie-bb.com/wp-content/uploads/2018/04/IMG_0332-1024x768.jpg" class="aligncenter size-full wp-image-632" src="https://sophie-bb.com/wp-content/uploads/2018/04/IMG_0332.jpg" alt="" width="3264" height="2448" srcset="https://sophie-bb.com/wp-content/uploads/2018/04/IMG_0332.jpg 3264w, https://sophie-bb.com/wp-content/uploads/2018/04/IMG_0332-300x225.jpg 300w, https://sophie-bb.com/wp-content/uploads/2018/04/IMG_0332-768x576.jpg 768w, https://sophie-bb.com/wp-content/uploads/2018/04/IMG_0332-1024x768.jpg 1024w, https://sophie-bb.com/wp-content/uploads/2018/04/IMG_0332-350x263.jpg 350w" sizes="auto, (max-width: 706px) 89vw, (max-width: 767px) 82vw, 740px" /></h5>
<h5>Qui ?</h5>
<p>« La Grive s&#8217;en mêle » est un collectif de trois musiciens : <strong>Claire Genet</strong> (clarinette), <strong>Sophie Binet- Budelot</strong> (saxhorn alto), <strong>Mathieu Brunet </strong>(accordéon) friands de nouveautés et de projets inter-disciplinaires. Ensemble, ils décident d&#8217;écrire un spectacle afin de faire découvrir la musique et ses instruments mais pas seulement !<br />
Ils se lancent, à trois, dans l’écriture de textes, la composition, la mise en scène avec comme fer de lance l&#8217;écologie, vaste sujet très actuel.</p>
<h5>Spectacle « SOS Fifi… Ici la Terre »</h5>
<p>Dans « SOS Fifi&#8230; ici la Terre », on fait la rencontre de Fifi, petite souris mandatée par la Terre pour mener l’enquête et trouver les causes de sa grosse fatigue.<br />
Métaphore du plus petit qui va sauver le plus grand, comme une goutte d&#8217;eau dans l’océan&#8230;<br />
Au fil de son voyage sur terre, Fifi expose avec humour des réalités plus ou moins cachées par ce monde qui va<br />
parfois trop vite.</p>
<p><img loading="lazy" decoding="async" data-attachment-id="1024" data-permalink="https://sophie-bb.com/en/compagnie-la-grive-sen-mele/photos-presentation-2/" data-orig-file="https://sophie-bb.com/wp-content/uploads/2020/03/Photos-présentation-1-scaled.jpg" data-orig-size="2560,1707" data-comments-opened="0" data-image-meta="{&quot;aperture&quot;:&quot;4&quot;,&quot;credit&quot;:&quot;&quot;,&quot;camera&quot;:&quot;Canon EOS 70D&quot;,&quot;caption&quot;:&quot;&quot;,&quot;created_timestamp&quot;:&quot;1569935743&quot;,&quot;copyright&quot;:&quot;&quot;,&quot;focal_length&quot;:&quot;50&quot;,&quot;iso&quot;:&quot;1600&quot;,&quot;shutter_speed&quot;:&quot;0.016666666666667&quot;,&quot;title&quot;:&quot;&quot;,&quot;orientation&quot;:&quot;1&quot;}" data-image-title="Photos-présentation" data-image-description="" data-image-caption="" data-medium-file="https://sophie-bb.com/wp-content/uploads/2020/03/Photos-présentation-1-300x200.jpg" data-large-file="https://sophie-bb.com/wp-content/uploads/2020/03/Photos-présentation-1-1024x683.jpg" class="aligncenter size-full wp-image-1024" src="https://sophie-bb.com/wp-content/uploads/2020/03/Photos-présentation-1-scaled.jpg" alt="" width="2560" height="1707" srcset="https://sophie-bb.com/wp-content/uploads/2020/03/Photos-présentation-1-scaled.jpg 2560w, https://sophie-bb.com/wp-content/uploads/2020/03/Photos-présentation-1-300x200.jpg 300w, https://sophie-bb.com/wp-content/uploads/2020/03/Photos-présentation-1-1024x683.jpg 1024w, https://sophie-bb.com/wp-content/uploads/2020/03/Photos-présentation-1-768x512.jpg 768w, https://sophie-bb.com/wp-content/uploads/2020/03/Photos-présentation-1-1536x1024.jpg 1536w, https://sophie-bb.com/wp-content/uploads/2020/03/Photos-présentation-1-2048x1365.jpg 2048w, https://sophie-bb.com/wp-content/uploads/2020/03/Photos-présentation-1-350x233.jpg 350w" sizes="auto, (max-width: 706px) 89vw, (max-width: 767px) 82vw, 740px" /></p>
<h5>Contact</h5>
<ul>
<li>Retrouvez la grive s’en mêle sur sa page Facebook : <a href="https://www.facebook.com/Compagnie-La-grive-sen-mêle-1864456757152755/" target="_blank" rel="noopener">Compagnie « La grive s’en mêle »</a></li>
<li>Le projet vous intéresse ? Pour plus de renseignements, contactez nous : sophie.budelot@gmail.com</li>
</ul>

<p>Qui ? « La Grive s&#8217;en mêle » est un collectif de trois musiciens : Claire Genet (clarinette), Sophie Binet- Budelot (saxhorn alto), Mathieu Brunet (accordéon) friands de nouveautés et de projets inter-disciplinaires. Ensemble, ils décident d&#8217;écrire un spectacle afin de faire découvrir la musique et ses instruments mais pas seulement ! Ils se lancent, à &hellip; </p>
<p class="link-more"><a href="https://sophie-bb.com/en/compagnie-la-grive-sen-mele/" class="more-link">Continue reading<span class="screen-reader-text"> &#8220;Compagnie « La Grive s&#8217;en mêle »&#8221;</span></a></p>
